{"id":6486,"date":"2020-12-14T10:00:08","date_gmt":"2020-12-14T09:00:08","guid":{"rendered":"https:\/\/prometour.eu\/padres-preguntas-frecuentes\/"},"modified":"2021-11-15T14:16:43","modified_gmt":"2021-11-15T13:16:43","slug":"questions-pour-les-parents","status":"publish","type":"page","link":"https:\/\/prometour.eu\/fr\/questions-pour-les-parents\/","title":{"rendered":"Questions pour les parents"},"content":{"rendered":"<div class=\"wpb-content-wrapper\"><p>[vc_row][vc_column][vc_toggle title=&#8221;Des adultes peuvent-ils se joindre \u00e0 un groupe d\u2019\u00e9l\u00e8ves ?&#8221; el_class=&#8221;faqs_tittle&#8221;]Nos programmes et \u00e9changes linguistiques sont con\u00e7us pour des \u00e9l\u00e8ves en \u00e2ge scolaire. Les contenus des programmes sont adapt\u00e9s \u00e0 leurs besoins.[\/vc_toggle][vc_toggle title=&#8221;Mon enfant a un handicap, peut-il participer ?&#8221;]Votre enfant est le bienvenu. Il suffit de nous pr\u00e9venir et selon le type d\u2019handicap, nous prendrons les dispositions n\u00e9cessaires pour qu\u2019il puisse participer au voyage.[\/vc_toggle][vc_toggle title=&#8221;Qu\u2019en est-il de la consommation d\u2019alcool ou de cigarettes\u202f? &#8220;]Toute personne mineure, selon les lois en vigueurs dans les pays que nous offrons ne peut ni fumer ni boire, \u00e0 aucun moment, durant toute la dur\u00e9e de leur s\u00e9jour. Tout manquement \u00e0 la loi peut entra\u00eener l\u2019expulsion d\u2019un \u00e9l\u00e8ve, aux frais de ses parents.[\/vc_toggle][\/vc_column][\/vc_row][vc_row][vc_column][vc_toggle title=&#8221;Combien de bagages puis-je emmener pour un s\u00e9jour en Espagne, au Royaume Uni ou en Irlande ?&#8221;]Pour les s\u00e9jours de plus de 5 jours, Prom\u00e9tour inclut le co\u00fbt d&#8217;une valise enregistr\u00e9e par personne (selon la destination et la compagnie a\u00e9rienne entre 15 et 23 kilos) plus un bagage \u00e0 main.<\/p>\n<p>Veuillez consulter, avant votre d\u00e9part, les conditions de votre compagnie a\u00e9rienne en consultant leur site internet.<\/p>\n<p>Ne transportez pas de liquides dans votre bagage \u00e0 main.[\/vc_toggle][\/vc_column][\/vc_row][vc_row][vc_column][vc_toggle title=&#8221;Combien de bagages puis-je apporter pour un s\u00e9jour en Am\u00e9rique du Nord?&#8221;]Les compagnies a\u00e9riennes r\u00e9guli\u00e8res autorisent g\u00e9n\u00e9ralement 1 bagage en soute (20 kg), plus un bagage \u00e0 main en cabine (attention aux mesures &#8211; 10kg) + un accessoire (sac \u00e0 main, petit sac \u00e0 dos etc.).<\/p>\n<p>Veuillez consulter, avant votre d\u00e9part, les conditions de votre compagnie a\u00e9rienne en consultant leur site internet.<\/p>\n<p>N\u2019oubliez pas d&#8217;identifier tous vos bagages avec une \u00e9tiquette mentionnant votre nom, votre adresse et num\u00e9ro de t\u00e9l\u00e9phone.<\/p>\n<p>Ne transportez pas de liquides dans votre bagage \u00e0 main[\/vc_toggle][\/vc_column][\/vc_row][vc_row][vc_column][vc_toggle title=&#8221;Mon enfant aura-t-il besoin de devises \u00e9trang\u00e8res avant de partir ?&#8221;]Non. Il est recommand\u00e9 de retirer de l\u2019argent une fois rendu \u00e0 votre destination. Les \u00e9l\u00e8ves auront l\u2019occasion de se rendre \u00e0 un distributeur bancaire une fois arriv\u00e9s.[\/vc_toggle][\/vc_column][\/vc_row][vc_row][vc_column][vc_toggle title=&#8221;Quel est le montant d\u2019argent de poche recommand\u00e9 ?&#8221;]15-20 \u20ac par jour devraient suffir pour couvrir les petites d\u00e9penses (souvenirs, loisir, effets personnels).[\/vc_toggle][\/vc_column][\/vc_row][vc_row][vc_column][vc_toggle title=&#8221;Mon enfant suit un traitement m\u00e9dical. Que dois-je faire ?&#8221;]Vous devez l&#8217;indiquer lors de votre inscription en ligne. Nous informerons la famille d&#8217;accueil et le personnel de Prometour. N\u2019oubliez pas qu&#8217;il peut \u00eatre demand\u00e9 par un personnel d\u2019a\u00e9roport de pr\u00e9senter une prescription pour la prise de certain m\u00e9dicament.[\/vc_toggle][\/vc_column][\/vc_row][vc_row][vc_column][vc_toggle title=&#8221;Quel document de voyage pour un voyage au Royaume Uni, en Espagne ou en Irlande?&#8221;]Pour les citoyens d\u2019un pays membre de l\u2019Union Europ\u00e9enne, la carte d\u2019identit\u00e9 suffit pour voyager en Espagne, en Irlande et au Royaume Uni. L\u2019\u00e9l\u00e8ve m<span class=\"TextRun BCX8 SCXW82007833\" lang=\"FR-FR\" xml:lang=\"FR-FR\" data-contrast=\"auto\"><span class=\"NormalTextRun BCX8 SCXW82007833\">ineur<\/span><\/span> devra \u00eatre en possession d\u2019une autorisation de sortie de territoire obtenue aupr\u00e8s des autorit\u00e9s comp\u00e9tentes.<br \/>\nPour les ressortissants de pays non-membres de l\u2019Union Europ\u00e9enne, veuillez-vous renseigner aupr\u00e8s de l&#8217;ambassade du pays de destination, afin de conna\u00eetre les documents exig\u00e9s.[\/vc_toggle][\/vc_column][\/vc_row][vc_row][vc_column][vc_toggle title=&#8221;Quels sont les documents n\u00e9cessaires pour se rendre aux \u00c9tats-Unis ?&#8221;]Pour les citoyens de l&#8217;Union europ\u00e9enne, un passeport est n\u00e9cessaire pour rentrer aux \u00c9tats-Unis accompagn\u00e9 de l&#8217;autorisation de sortie de territoire sign\u00e9e par les deux parents ou du tuteur l\u00e9gal.<\/p>\n<p>De plus, avant le d\u00e9part de votre enfant, vous devez obtenir une autorisation ESTA via Internet et conserver une copie de la demande (\u00e0 l&#8217;int\u00e9rieur du passeport) et le num\u00e9ro de r\u00e9f\u00e9rence : <a href=\"https:\/\/esta.cbp.dhs.gov\/\">https:\/\/esta.cbp.dhs.gov\/<\/a><\/p>\n<p>Pour les ressortissants de pays non-membres de l\u2019Union Europ\u00e9enne, veuillez-vous renseigner aupr\u00e8s de l&#8217;ambassade du pays de destination, afin de conna\u00eetre les documents exig\u00e9s.[\/vc_toggle][\/vc_column][\/vc_row][vc_row][vc_column][vc_toggle title=&#8221;Quels sont les documents n\u00e9cessaires pour se rendre au Canada ?&#8221;]Pour les citoyens de l&#8217;Union europ\u00e9enne, un passeport est n\u00e9cessaire pour rentrer au Canada accompagn\u00e9 de l&#8217;autorisation de sortie de territoire sign\u00e9e par les deux parents ou du tuteur l\u00e9gal.<\/p>\n<p>De plus, avant le d\u00e9part de votre enfant, vous devez obtenir une autorisation AVE via Internet et conserver une copie de la demande (\u00e0 l&#8217;int\u00e9rieur du passeport) et le num\u00e9ro de r\u00e9f\u00e9rence : <a href=\"https:\/\/www.cic.gc.ca\/francais\/centre-aide\/reponse.asp?qnum=1056&amp;top=16\">https:\/\/www.cic.gc.ca\/francais\/centre-aide\/reponse.asp?qnum=1056&amp;top=16<\/a><\/p>\n<p>Pour les ressortissants de pays non-membres de l\u2019Union Europ\u00e9enne, veuillez-vous renseigner aupr\u00e8s de l&#8217;ambassade du pays de destination, afin de conna\u00eetre les documents exig\u00e9s.[\/vc_toggle][\/vc_column][\/vc_row][vc_row][vc_column][vc_toggle title=&#8221;Comment puis-je obtenir un passeport ?&#8221;]Il vous suffit de vous rendre au commissariat le plus proche et de le demander sur pr\u00e9sentation de votre pi\u00e8ce d&#8217;identit\u00e9. Vous devez le faire le plus t\u00f4t possible, il est d\u00e9conseill\u00e9 de faire ceci \u00e0 la derni\u00e8re minute. Si vous n&#8217;\u00eates pas citoyen de l&#8217;Union europ\u00e9enne, vous devrez v\u00e9rifier si vous n\u2019avez pas besoin d&#8217;un visa pour entrer dans le pays de destination.[\/vc_toggle][\/vc_column][\/vc_row][vc_row][vc_column][vc_toggle title=&#8221;Mon enfant suit un r\u00e9gime sp\u00e9cial (v\u00e9g\u00e9tarien, v\u00e9gan, alergiess, diab\u00e9tique\u2026). Dois-je le signaler ?&#8221;]Vous devrez le mentionner lors de votre inscription au voyage en ligne. Nous pr\u00e9viendrons les parties concern\u00e9es et veillerons \u00e0 ce que les mesures n\u00e9cessaires soient prises. Tous les repas r\u00e9serv\u00e9s par Prometour comprennent une option v\u00e9g\u00e9tarienne et v\u00e9gane.[\/vc_toggle][\/vc_column][\/vc_row][vc_row][vc_column][vc_toggle title=&#8221;Lors des nuit\u00e9es en h\u00f4tels, les \u00e9l\u00e8ves peuvent-ils choisir avec qui partager la chambre ?&#8221;]La r\u00e9partition des chambres est de la responsabilit\u00e9 du professeur en charge du groupe. Les \u00e9l\u00e8ves sont 2, 3 ou 4 par chambre selon le type de chambre.[\/vc_toggle][\/vc_column][\/vc_row]<\/p>\n<\/div>","protected":false},"excerpt":{"rendered":"<p>[vc_row][vc_column][vc_toggle title=&#8221;Des adultes peuvent-ils se joindre \u00e0 un groupe d\u2019\u00e9l\u00e8ves ?&#8221; el_class=&#8221;faqs_tittle&#8221;]Nos programmes et \u00e9changes linguistiques sont con\u00e7us pour des \u00e9l\u00e8ves en \u00e2ge scolaire. Les contenus des programmes sont adapt\u00e9s \u00e0 leurs besoins.[\/vc_toggle][vc_toggle title=&#8221;Mon enfant a un handicap, peut-il participer ?&#8221;]Votre enfant est le bienvenu. Il [&hellip;]<\/p>\n","protected":false},"author":2,"featured_media":0,"parent":0,"menu_order":0,"comment_status":"closed","ping_status":"closed","template":"","meta":{"footnotes":""},"class_list":["post-6486","page","type-page","status-publish","hentry"],"_links":{"self":[{"href":"https:\/\/prometour.eu\/fr\/wp-json\/wp\/v2\/pages\/6486","targetHints":{"allow":["GET"]}}],"collection":[{"href":"https:\/\/prometour.eu\/fr\/wp-json\/wp\/v2\/pages"}],"about":[{"href":"https:\/\/prometour.eu\/fr\/wp-json\/wp\/v2\/types\/page"}],"author":[{"embeddable":true,"href":"https:\/\/prometour.eu\/fr\/wp-json\/wp\/v2\/users\/2"}],"replies":[{"embeddable":true,"href":"https:\/\/prometour.eu\/fr\/wp-json\/wp\/v2\/comments?post=6486"}],"version-history":[{"count":3,"href":"https:\/\/prometour.eu\/fr\/wp-json\/wp\/v2\/pages\/6486\/revisions"}],"predecessor-version":[{"id":6487,"href":"https:\/\/prometour.eu\/fr\/wp-json\/wp\/v2\/pages\/6486\/revisions\/6487"}],"wp:attachment":[{"href":"https:\/\/prometour.eu\/fr\/wp-json\/wp\/v2\/media?parent=6486"}],"curies":[{"name":"wp","href":"https:\/\/api.w.org\/{rel}","templated":true}]}}

<div class="wpb-content-wrapper"><p>[vc_row][vc_column][vc_toggle title=&#8221;Des adultes peuvent-ils se joindre à un groupe d’élèves ?&#8221; el_class=&#8221;faqs_tittle&#8221;]Nos programmes et échanges linguistiques sont conçus pour des élèves en âge scolaire. Les contenus des programmes sont adaptés à leurs besoins.[/vc_toggle][vc_toggle title=&#8221;Mon enfant a un handicap, peut-il participer ?&#8221;]Votre enfant est le bienvenu. Il suffit de nous prévenir et selon le type d’handicap, nous prendrons les dispositions nécessaires pour qu’il puisse participer au voyage.[/vc_toggle][vc_toggle title=&#8221;Qu’en est-il de la consommation d’alcool ou de cigarettes ? &#8220;]Toute personne mineure, selon les lois en vigueurs dans les pays que nous offrons ne peut ni fumer ni boire, à aucun moment, durant toute la durée de leur séjour. Tout manquement à la loi peut entraîner l’expulsion d’un élève, aux frais de ses parents.[/vc_toggle][/vc_column][/vc_row][vc_row][vc_column][vc_toggle title=&#8221;Combien de bagages puis-je emmener pour un séjour en Espagne, au Royaume Uni ou en Irlande ?&#8221;]Pour les séjours de plus de 5 jours, Prométour inclut le coût d&#8217;une valise enregistrée par personne (selon la destination et la compagnie aérienne entre 15 et 23 kilos) plus un bagage à main.</p>
<p>Veuillez consulter, avant votre départ, les conditions de votre compagnie aérienne en consultant leur site internet.</p>
<p>Ne transportez pas de liquides dans votre bagage à main.[/vc_toggle][/vc_column][/vc_row][vc_row][vc_column][vc_toggle title=&#8221;Combien de bagages puis-je apporter pour un séjour en Amérique du Nord?&#8221;]Les compagnies aériennes régulières autorisent généralement 1 bagage en soute (20 kg), plus un bagage à main en cabine (attention aux mesures &#8211; 10kg) + un accessoire (sac à main, petit sac à dos etc.).</p>
<p>Veuillez consulter, avant votre départ, les conditions de votre compagnie aérienne en consultant leur site internet.</p>
<p>N’oubliez pas d&#8217;identifier tous vos bagages avec une étiquette mentionnant votre nom, votre adresse et numéro de téléphone.</p>
<p>Ne transportez pas de liquides dans votre bagage à main[/vc_toggle][/vc_column][/vc_row][vc_row][vc_column][vc_toggle title=&#8221;Mon enfant aura-t-il besoin de devises étrangères avant de partir ?&#8221;]Non. Il est recommandé de retirer de l’argent une fois rendu à votre destination. Les élèves auront l’occasion de se rendre à un distributeur bancaire une fois arrivés.[/vc_toggle][/vc_column][/vc_row][vc_row][vc_column][vc_toggle title=&#8221;Quel est le montant d’argent de poche recommandé ?&#8221;]15-20 € par jour devraient suffir pour couvrir les petites dépenses (souvenirs, loisir, effets personnels).[/vc_toggle][/vc_column][/vc_row][vc_row][vc_column][vc_toggle title=&#8221;Mon enfant suit un traitement médical. Que dois-je faire ?&#8221;]Vous devez l&#8217;indiquer lors de votre inscription en ligne. Nous informerons la famille d&#8217;accueil et le personnel de Prometour. N’oubliez pas qu&#8217;il peut être demandé par un personnel d’aéroport de présenter une prescription pour la prise de certain médicament.[/vc_toggle][/vc_column][/vc_row][vc_row][vc_column][vc_toggle title=&#8221;Quel document de voyage pour un voyage au Royaume Uni, en Espagne ou en Irlande?&#8221;]Pour les citoyens d’un pays membre de l’Union Européenne, la carte d’identité suffit pour voyager en Espagne, en Irlande et au Royaume Uni. L’élève m<span class="TextRun BCX8 SCXW82007833" lang="FR-FR" xml:lang="FR-FR" data-contrast="auto"><span class="NormalTextRun BCX8 SCXW82007833">ineur</span></span> devra être en possession d’une autorisation de sortie de territoire obtenue auprès des autorités compétentes.<br />
Pour les ressortissants de pays non-membres de l’Union Européenne, veuillez-vous renseigner auprès de l&#8217;ambassade du pays de destination, afin de connaître les documents exigés.[/vc_toggle][/vc_column][/vc_row][vc_row][vc_column][vc_toggle title=&#8221;Quels sont les documents nécessaires pour se rendre aux États-Unis ?&#8221;]Pour les citoyens de l&#8217;Union européenne, un passeport est nécessaire pour rentrer aux États-Unis accompagné de l&#8217;autorisation de sortie de territoire signée par les deux parents ou du tuteur légal.</p>
<p>De plus, avant le départ de votre enfant, vous devez obtenir une autorisation ESTA via Internet et conserver une copie de la demande (à l&#8217;intérieur du passeport) et le numéro de référence : <a href="https://esta.cbp.dhs.gov/">https://esta.cbp.dhs.gov/</a></p>
<p>Pour les ressortissants de pays non-membres de l’Union Européenne, veuillez-vous renseigner auprès de l&#8217;ambassade du pays de destination, afin de connaître les documents exigés.[/vc_toggle][/vc_column][/vc_row][vc_row][vc_column][vc_toggle title=&#8221;Quels sont les documents nécessaires pour se rendre au Canada ?&#8221;]Pour les citoyens de l&#8217;Union européenne, un passeport est nécessaire pour rentrer au Canada accompagné de l&#8217;autorisation de sortie de territoire signée par les deux parents ou du tuteur légal.</p>
<p>De plus, avant le départ de votre enfant, vous devez obtenir une autorisation AVE via Internet et conserver une copie de la demande (à l&#8217;intérieur du passeport) et le numéro de référence : <a href="https://www.cic.gc.ca/francais/centre-aide/reponse.asp?qnum=1056&amp;top=16">https://www.cic.gc.ca/francais/centre-aide/reponse.asp?qnum=1056&amp;top=16</a></p>
<p>Pour les ressortissants de pays non-membres de l’Union Européenne, veuillez-vous renseigner auprès de l&#8217;ambassade du pays de destination, afin de connaître les documents exigés.[/vc_toggle][/vc_column][/vc_row][vc_row][vc_column][vc_toggle title=&#8221;Comment puis-je obtenir un passeport ?&#8221;]Il vous suffit de vous rendre au commissariat le plus proche et de le demander sur présentation de votre pièce d&#8217;identité. Vous devez le faire le plus tôt possible, il est déconseillé de faire ceci à la dernière minute. Si vous n&#8217;êtes pas citoyen de l&#8217;Union européenne, vous devrez vérifier si vous n’avez pas besoin d&#8217;un visa pour entrer dans le pays de destination.[/vc_toggle][/vc_column][/vc_row][vc_row][vc_column][vc_toggle title=&#8221;Mon enfant suit un régime spécial (végétarien, végan, alergiess, diabétique…). Dois-je le signaler ?&#8221;]Vous devrez le mentionner lors de votre inscription au voyage en ligne. Nous préviendrons les parties concernées et veillerons à ce que les mesures nécessaires soient prises. Tous les repas réservés par Prometour comprennent une option végétarienne et végane.[/vc_toggle][/vc_column][/vc_row][vc_row][vc_column][vc_toggle title=&#8221;Lors des nuitées en hôtels, les élèves peuvent-ils choisir avec qui partager la chambre ?&#8221;]La répartition des chambres est de la responsabilité du professeur en charge du groupe. Les élèves sont 2, 3 ou 4 par chambre selon le type de chambre.[/vc_toggle][/vc_column][/vc_row]</p>
</div>

<p>[vc_row][vc_column][vc_toggle title=&#8221;Des adultes peuvent-ils se joindre à un groupe d’élèves ?&#8221; el_class=&#8221;faqs_tittle&#8221;]Nos programmes et échanges linguistiques sont conçus pour des élèves en âge scolaire. Les contenus des programmes sont adaptés à leurs besoins.[/vc_toggle][vc_toggle title=&#8221;Mon enfant a un handicap, peut-il participer ?&#8221;]Votre enfant est le bienvenu. Il [&hellip;]</p>
